t is the remainder when 249 is divided by 124?
1
What is the remainder when 576 is divided by 237?
102
What is the remainder when 2414 is divided by 20?
14
What is the remainder when 617 is divided by 189?
50
What is the remainder when 413 is divided by 138?
137
What is the remainder when 2655 is divided by 43?
32
Calculate the remainder when 289 is divided by 63.
37
What is the remainder when 4679 is divided by 31?
29
Calculate the remainder when 59 is divided by 17.
8
Calculate the remainder when 349 is divided by 44.
41
What is the remainder when 1073 is divided by 83?
77
What is the remainder when 659 is divided by 51?
47
Calculate the remainder when 6829 is divided by 9.
7
What is the remainder when 98 is divided by 5?
3
Calculate the remainder when 1065 is divided by 177.
3
Calculate the remainder when 102 is divided by 13.
11
What is the remainder when 821 is divided by 29?
9
Calculate the remainder when 359 is divided by 4.
3
What is the remainder when 4401 is divided by 294?
285
What is the remainder when 7621 is divided by 37?
36
Calculate the remainder when 19999 is divided by 80.
79
What is the remainder when 79 is divided by 30?
19
What is the remainder when 9068 is divided by 40?
28
What is the remainder when 101 is divided by 12?
5
Calculate the remainder when 352 is divided by 67.
17
What is the remainder when 129 is divided by 27?
21
What is the remainder when 11541 is divided by 119?
117
What is the remainder when 1009 is divided by 175?
134
Calculate the remainder when 9888 is divided by 230.
228
Calculate the remainder when 293 is divided by 59.
57
Calculate the remainder when 1025 is divided by 68.
5
Calculate the remainder when 845 is divided by 39.
26
What is the remainder when 37 is divided by 21?
16
What is the remainder when 1111 is divided by 277?
3
Calculate the remainder when 2996 is divided by 25.
21
What is the remainder when 129 is divided by 11?
8
What is the remainder when 174 is divided by 20?
14
Calculate the remainder when 459 is divided by 216.
27
Calculate the remainder when 33 is divided by 3.
0
Calculate the remainder when 63 is divided by 5.
3
What is the remainder when 5622 is divided by 42?
36
Calculate the remainder when 391 is divided by 71.
36
What is the remainder when 439 is divided by 20?
19
Calculate the remainder when 831 is divided by 133.
33
What is the remainder when 45 is divided by 23?
22
What is the remainder when 29 is divided by 16?
13
What is the remainder when 75 is divided by 12?
3
What is the remainder when 798 is divided by 245?
63
What is the remainder when 262 is divided by 128?
6
What is the remainder when 604 is divided by 308?
296
Calculate the remainder when 1293 is divided by 5.
3
What is the remainder when 638 is divided by 151?
34
Calculate the remainder when 148 is divided by 26.
18
What is the remainder when 1102 is divided by 535?
32
What is the remainder when 472 is divided by 4?
0
Calculate the remainder when 250 is divided by 28.
26
Calculate the remainder when 338 is divided by 49.
44
Calculate the remainder when 275 is divided by 9.
5
What is the remainder when 7372 is divided by 59?
56
What is the remainder when 189 is divided by 35?
14
Calculate the remainder when 508 is divided by 34.
32
What is the remainder when 260 is divided by 53?
48
Calculate the remainder when 257 is divided by 118.
21
Calculate the remainder when 85 is divided by 70.
15
Calculate the remainder when 18 is divided by 10.
8
Calculate the remainder when 41981 is divided by 64.
61
Calculate the remainder when 142 is divided by 130.
12
Calculate the remainder when 76 is divided by 74.
2
What is the remainder when 192 is divided by 68?
56
What is the remainder when 184 is divided by 34?
14
What is the remainder when 835 is divided by 21?
16
What is the remainder when 7602 is divided by 54?
42
What is the remainder when 538 is divided by 18?
16
Calculate the remainder when 786 is divided by 323.
140
Calculate the remainder when 1010 is divided by 252.
2
Calculate the remainder when 184 is divided by 11.
8
Calculate the remainder when 1059 is divided by 1059.
0
What is the remainder when 6759 is divided by 165?
159
What is the remainder when 31869 is divided by 83?
80
Calculate the remainder when 599 is divided by 26.
1
What is the remainder when 53 is divided by 46?
7
What is the remainder when 1239 is divided by 69?
66
What is the remainder when 416 is divided by 104?
0
Calculate the remainder when 196 is divided by 10.
6
Calculate the remainder when 1388 is divided by 58.
54
Calculate the remainder when 1054 is divided by 132.
130
Calculate the remainder when 1055 is divided by 162.
83
Calculate the remainder when 5162 is divided by 1719.
5
Calculate the remainder when 92 is divided by 10.
2
What is the remainder when 678 is divided by 36?
30
Calculate the remainder when 1478 is divided by 38.
34
Calculate the remainder when 1016 is divided by 6.
2
What is the remainder when 3078 is divided by 88?
86
Calculate the remainder when 116 is divided by 6.
2
Calculate the remainder when 38 is divided by 10.
8
What is the remainder when 32 is divided by 8?
0
What is the remainder when 507 is divided by 85?
82
What is the remainder when 955 is divided by 137?
133
Calculate the remainder when 1006 is divided by 198.
16
Calculate the remainder when 515 is divided by 107.
87
Calculate the remainder when 2541 is divided by 67.
62
Calculate the remainder when 166 is divided by 28.
26
Calculate the remainder when 89 is divided by 46.
43
Calculate the remainder when 51 is divided by 47.
4
Calculate the remainder when 230 is divided by 70.
20
What is the remainder when 230 is divided by 52?
22
What is the remainder when 5486 is divided by 196?
194
What is the remainder when 68 is divided by 67?
1
What is the remainder when 1432 is divided by 382?
286
Calculate the remainder when 494 is divided by 11.
10
Calculate the remainder when 391 is divided by 50.
41
What is the remainder when 5668 is divided by 189?
187
Calculate the remainder when 34 is divided by 26.
8
Calculate the remainder when 44 is divided by 26.
18
What is the remainder when 106 is divided by 5?
1
Calculate the remainder when 34 is divided by 9.
7
Calculate the remainder when 1089 is divided by 42.
39
Calculate the remainder when 25 is divided by 18.
7
What is the remainder when 65 is divided by 20?
5
Calculate the remainder when 41 is divided by 2.
1
Calculate the remainder when 1144 is divided by 14.
10
What is the remainder when 51 is divided by 16?
3
Calculate the remainder when 898 is divided by 299.
1
What is the remainder when 618 is divided by 45?
33
Calculate the remainder when 261 is divided by 54.
45
Calculate the remainder when 474 is divided by 21.
12
What is the remainder when 74 is divided by 31?
12
What is the remainder when 2004 is divided by 659?
27
Calculate the remainder when 9857 is divided by 85.
82
Calculate the remainder when 4004 is divided by 82.
68
What is the remainder when 911 is divided by 83?
81
Calculate the remainder when 109 is divided by 21.
4
Calculate the remainder when 19 is divided by 19.
0
What is the remainder when 4043 is divided by 8?
3
Calculate the remainder when 127 is divided by 62.
3
Calculate the remainder when 223 is divided by 5.
3
Calculate the remainder when 289 is divided by 42.
37
What is the remainder when 52863 is divided by 267?
264
Calculate the remainder when 1833 is divided by 14.
13
Calculate the remainder when 1099 is divided by 5.
4
Calculate the remainder when 614 is divided by 610.
4
What is the remainder when 186 is divided by 19?
15
What is the remainder when 1266 is divided by 47?
44
Calculate the remainder when 184 is divided by 78.
28
What is the remainder when 41 is divided by 31?
10
Calculate the remainder when 4615 is divided by 20.
15
Calculate the remainder when 119 is divided by 20.
19
Calculate the remainder when 253 is divided by 70.
43
What is the remainder when 158 is divided by 9?
5
Calculate the remainder when 115 is divided by 10.
5
What is the remainder when 3962 is divided by 3952?
10
What is the remainder when 102 is divided by 76?
26
What is the remainder when 1334 is divided by 167?
165
Calculate the remainder when 459 is divided by 32.
11
What is the